k - 8 = 0, 2*a - 8 = 2*k - 0*k. Let i(l) = -2*l + a*l + 5 + 3*l. Suppose -2*f - 95 = -87. Determine i(f).
1
Let b(o) = -o + 6 + 2*o - o + 2*o. Let a(l) = l + 5. Let x(n) = -3*a(n) + 2*b(n). Let p be (1/(-3))/(1/(-6)). Give x(p).
-1
Suppose -24 = -3*k - k. Suppose -2*j - 2*c = k, j + c + 2*c - 3 = 0. Let w = j + 9. Let l(o) = -o**3 + 4*o**2 - o - 3. Give l(w).
3
Let r(y) = y**2 - y + 6. Let v(l) = 4*l**3 + 201*l**2 + 50*l + 3. Let x be v(-50). Give r(x).
12
Let a(g) = -g**3 - 20*g**2 - 2*g - 35. Let x be a(-20). Suppose -x*u - 27 = f + 4, 2*u + 18 = f. Let s(i) = -i + 10. Calculate s(u).
17
Let p(u) = -u**3 + 2*u**2 - 4*u + 1. Suppose -18*r = -12*r - 12. Give p(r).
-7
Suppose -n - 22 = 5*l, -2*l - 14 = n + 17. Let i = n - -34. Let x(f) = -4 + f**3 + 4*f**2 + 3*f - 3*f. What is x(i)?
5
Let d(b) = 6*b**2 - 2*b. Let u(i) = -29*i + 37. Let g(t) = 7*t - 9. Let a(l) = -9*g(l) - 2*u(l). Let c be a(1). What is d(c)?
20
Suppose -5*l = -2*s + 16, l - 8 = 5*l. Let f = s - 2. Let o(j) = 1 - 138*j**2 + 46*j**2 - 2 + 43*j**2 + 44*j**2. Determine o(f).
-6
Let q(r) = 3*r + 1. Suppose 0 = -4*a + l + l + 14, a = -5*l - 2. Suppose d = -a*d + 16. Suppose -10 = w + 3*t, 0 = w + 2*t + 2 + d. Determine q(w).
7
Let k be (-5)/(-2)*(-1 - -3). Let y(c) = -7*c**3 - 17*c**2 + 7*c + 6. Let j(r) = -4*r**3 - 9*r**2 + 4*r + 3. Let o(a) = k*j(a) - 3*y(a). Give o(-6).
3
Let w(z) = z - 1. Let p(a) = 11*a - 4. Let l(o) = p(o) - 6*w(o). Suppose 5*v - 25 = -5*q, -5 = -v + 5*q - 0*q. Suppose 8*m - v*m = -6. What is l(m)?
-8
Let n(w) = 2*w**3 + 3*w**2 + 5. Let z(i) = -i**3 - i**2. Let t(p) = -n(p) - 3*z(p). Suppose 2*f - 10 = -3*f + 5*x, 4*f + 5*x + 10 = 0. Determine t(f).
-5
Let x(j) = j - 3*j + 0*j - 3*j + 6*j. Give x(5).
5
Let n(w) = 7*w - 3 - 7*w + 0*w - w. What is n(-8)?
5
Let a(n) = 4*n - n**2 - 1 + 1 + 12 + 4. Let g(k) = -k**2 + 5*k + 15. Let m(b) = 4*a(b) - 5*g(b). Give m(8).
-19
Let d(z) be the second derivative of 1/6*z**3 + 0 + 15*z + 5/2*z**2. What is d(-6)?
-1
Let x(q) = q**3 + 7*q**2 + 7*q + 3. Suppose 0 = n - 2*c + 2 - 0, 0 = -4*c + 20. Let b be 0/(2*(-4)/n). Suppose b = 2*v + 7 + 5. Give x(v).
-3
Let f(u) = 8*u + 118. Let b(q) = 2*q + 30. Let m(j) = -23*b(j) + 6*f(j). What is m(-10)?
-2
Let k(d) = -d**2 - 12*d - 30. Suppose v - 45 = 5*y, -3*y - 6 + 2 = 4*v. Calculate k(y).
2
Let o = 658 + -663. Let t(f) = 2*f - 3. Calculate t(o).
-13
Let x be 8/36 + (-12)/54. Let i(w) = w**2 + w - 4 - 3 - 2*w + 4. Calculate i(x).
-3
Let t = 91 + -92. Let g be t + 20/(-5 + 0). Let y(f) = f + 2. Calculate y(g).
-3
Suppose 5*o = h - 12, 0 = -4*h + 6*h + 4*o + 4. Suppose -32 = -2*v - h*v. Let w(t) = t**3 - 9*t**2 + 8*t + 1. What is w(v)?
1
Let j(z) = z**2 - 1. Let c(d) = -4*d**2 + 2. Let v(l) = -4*c(l) - 9*j(l). Calculate v(-1).
8
Suppose 0 = 5*f - 0*f + 5*r - 15, -4*f + r = -12. Let c(g) = -f*g**2 - 2 + 0*g**2 - 2*g + 3*g. Calculate c(2).
-12
Let a = 622 + -617. Let t(h) = -2*h**2 + 8*h - 5. Determine t(a).
-15
Let a(f) be the third derivative of 3/20*f**5 - 5/3*f**3 + 0*f + 0 + 1/3*f**4 + 14*f**2 + 1/120*f**6. Give a(-8).
-10
Suppose -3*t - 9*f - 4 = -11*f, 0 = 3*t - f + 5. Let c(v) = -v**3 + 2*v**2 + v + 1. Determine c(t).
15
Let c(r) = -1. Let k(m) be the second derivative of 2*m**3/3 + 2*m**2 + 7*m. Let g(v) = 5*c(v) + k(v). Let t be 0 + 1 + 2 + -4. Determine g(t).
-5
Let g(a) = -18*a + 5. Let n(d) = -9*d + 2. Let z(s) = 4*g(s) - 9*n(s). Let q(f) = -8*f - 1. Let x(h) = -7*q(h) - 6*z(h). Calculate x(-7).
-19
Let g(j) = -j**2 - 8*j - 3. Suppose -37*d = 214 + 8. Calculate g(d).
9
Let u(i) = i**3 + 7*i**2 + 4*i + 10. Suppose -36 = 3*n - 5*b, -2*n + 4*b - 21 = 5. What is u(n)?
-18
Let c(v) = 14 - 14 - v + 11*v. Let o = -8 - -7. Give c(o).
-10
Let h(a) be the second derivative of a**4/12 - 2*a**3/3 - 5*a**2/2 - 2*a. Suppose 69 - 165 = 4*s. Let z be 27/4 - s/(-32). Give h(z).
7
Let i(y) be the third derivative of y**6/120 - 2*y**5/15 - 5*y**4/12 + 5*y**3/2 - 248*y**2. Calculate i(9).
6
Suppose -14 + 29 = 5*i. Let b(d) = -d**i - d + 19 + 4*d**2 - 10 - 5. Calculate b(4).
0
Let m(k) = -2*k**2 + 6*k - 6. Suppose -4*j = -5*z + 10 + 7, 4*z - 22 = -j. Let q be m(j). Let p(l) = -2*l**3 - 2*l**2 + l + 1. Calculate p(q).
7
Let h(t) = -t**3 - 24*t**2 - 23*t + 6. Let u(b) = -42*b - 401. Let i be u(-9). What is h(i)?
6
Let z(o) be the second derivative of -3*o**5/20 - o**4/4 - 2*o**3/3 - o**2 + 647*o. Let a(f) = f**3 + 5*f**2 - f - 7. Let y be a(-5). Give z(y).
18
Let y(m) be the first derivative of -m**4/4 - m**3/3 - m**2/2 - m - 33. Determine y(-1).
0
Let u(d) be the third derivative of 0*d - 1/24*d**4 + 0 + 1/30*d**5 + 1/120*d**6 + 0*d**3 + 19*d**2. What is u(-3)?
-6
Let v(x) be the third derivative of -x**7/840 - 7*x**6/360 + x**5/60 + 5*x**4/12 + 2*x**3/3 - 6*x**2. Let u(h) be the first derivative of v(h). What is u(-7)?
-4
Let k(w) be the second derivative of -w + 0*w**2 + 0 + 0*w**5 + 0*w**3 - 1/120*w**6 - 1/4*w**4. Let z(m) be the third derivative of k(m). Give z(1).
-6
Let n(y) = 3*y + 5. Let p = 10 + -10. Let q = p + 6. Let x be (0 - 1)/(1/q). Calculate n(x).
-13
Let b(g) = g**2. Let w(j) = j**3 - 5*j**2 + 2*j - 1. Let a(c) = c**2 + c - 1. Let q(x) = -3*a(x) + w(x). Let r(o) = -2*b(o) - q(o). Calculate r(6).
4
Let b be (-8)/(2/(-1 + 5)). Let v = -10 - b. Let u(m) = -m - 175 + 92 + 0*m + 85. Calculate u(v).
-4
Let b(n) = 6*n**2 + 7*n**2 - 2*n + 2 - 2*n**2 - n**3 - 6*n**2 + 0*n**2. Let x(m) = -2*m. Let f be x(-2). Calculate b(f).
10
Let k(o) be the second derivative of -o**5/20 + 5*o**4/6 - o**3 - 13*o**2/2 + 166*o. Give k(9).
14
Suppose 5*i + 2*i - 14 = 0. Suppose -c + 6 = i*c. Let m(t) = -2*t**3 + 2*t**2 - 2. Calculate m(c).
-10
Let s(t) = -3047*t + 3047*t - t**2 + 7 + 3. Determine s(0).
10
Let v(u) be the third derivative of -u**4/24 - 5*u**3/6 - 828*u**2. Give v(5).
-10
Let s(d) = 1 - 1 - 1753*d + 7 - 1 + 1755*d. Calculate s(-4).
-2
Let f = -56 + 58. Let j(y) = -5*y**3 - 20*y**3 - 3*y**2 - 13 + y**f + 2*y + 12. What is j(1)?
-26
Let k(d) be the second derivative of -5/2*d**2 - 1/3*d**4 - 1/2*d**3 + 1/20*d**5 + 0 + 16*d. Calculate k(5).
5
Suppose 28 = -3*q + 4*q - 3*p, -q + 5*p + 38 = 0. Let h(f) = 28*f**3 + 5 - 14*f**3 - q*f**3 - f**2. Calculate h(0).
5
Let y(n) = n - 1. Let c(b) = 6*b - 4. Let t(l) = 3*c(l) - 14*y(l). Let z be t(-1). Let s(p) = -p**2 - 2*p - 3. What is s(z)?
-3
Let r(c) = -c**2 + c + 2. Suppose 72*t = 78*t. What is r(t)?
2
Suppose -3*x + 5*w - 4*w - 11 = 0, -5*w + 25 = -5*x. Let s(n) = 2*n**2 - 4*n. Calculate s(x).
30
Let d(f) = -15*f + 3. Let q(x) = -3*x - 18. Let g be q(-7). Let j(k) = g*k + 1 + 22*k - 6 - 2*k. Let m(s) = -8*d(s) - 5*j(s). Determine m(1).
6
Let w = 45 - 43. Let r(n) = -w - 4*n**2 - 3*n + 6*n**3 - 7*n**3 + 0*n**3. Give r(-4).
10
Suppose -3 = 2*w - 13. Let q be ((-3)/w)/(1/(-10)). Let m(a) be the third derivative of -a**5/60 + 7*a**4/24 + a**2. Determine m(q).
6
Let m(d) be the second derivative of -8*d**2 - 26 - 1/6*d**3 + d. Give m(-9).
-7
Let w(a) = -a - 4. Suppose -2*d - 4 = 0, 3*q = -0*q - d - 26. What is w(q)?
4
Let m(z) = -z**2 - 6*z + 1. Let v be m(-5). Let q(i) = 7287 - 3637 - 2*i - 3645. Calculate q(v).
-7
Suppose 528 = -9*i - 3*i. Let k = i - -37. Let y(w) = w**2 + 8*w + 5. What is y(k)?
-2
Let m(q) = q**3 - 13*q**2 - q + 15. Let r be m(13). Let w(f) = 5*f + 10*f + 10*f - 27*f. Determine w(r).
-4
Let v = 10 + -11. Let g(l) = -l**3 + 3*l**2 + 3*l + 2. Let s(j) = j**2 + j + 1. Let b(p) = g(p) - 2*s(p). Calculate b(v).
1
Let d(c) = -c**3 + 3*c**2 + 12*c - 11. Let x be d(5). Suppose 4*u = 2*u + 6. Let o(g) = -2*g**3 + 11*g**u - g - 3 + 3. Determine o(x).
-8
Let f(j) = j**3 - 9*j - 9 - 8*j + j**2 + 20*j - 4*j. Let p be 0/(2 - 0 - 0). Determine f(p).
-9
Let z(o) be the third derivative of o**4/12 - 3*o**2 + 18*o. Determine z(8).
16
Let m = -1 - 11. Let b be (-4)/6 + (-32)/m. Let z(r) = 3*r**b - 9*r**2 + r + 5*r**2 + 8 + 5*r. What is z(6)?
8
Suppose 0 = -29*y - 32*y + 61. Let d(s) = -24*s**3 + 1. Give d(y).
-23
Let s(b) = 467*b + 4 + 6 - 466*b. Let o be 6*-1 - (-2 + 1). Determine s(o).
5
Let n(c) = 22*c + 7. Let h(b) = 65*b + 20. Let u(l) = -6*h(l) + 17*n(l). Give u(-1).
15
Let y = -36 + 47. Let m(p) = -9*p - 10. Let q(k) = 5*k + 5. Let s(d) = y*q(d) + 6*m(d). Suppose 2*t + 12 = -t. Give s(t).
-9
Let j(m) = -5*m**3 - m**2 + m + 6. Let i(s) = 14*s**3